base 11, what is -3 - 1910?
-1913
In base 12, what is 8 + -2b78?
-2b70
In base 15, what is 2d7 + 18?
300
In base 16, what is 7621 - 1?
7620
In base 14, what is 169c5 - 4?
169c1
In base 14, what is 4 - -37ac7?
37acb
In base 15, what is 44e + -887?
-438
In base 2, what is 10110100 - -1010010?
100000110
In base 6, what is 312 + 30540?
31252
In base 4, what is 221030 + 110?
221200
In base 8, what is -411063 - 14?
-411077
In base 8, what is -6 + 12204?
12176
In base 14, what is 215074 - 4?
215070
In base 3, what is -20 - 1020100101?
-1020100121
In base 2, what is -1011100 - 11010010010001?
-11010011101101
In base 14, what is -292 + -918?
-baa
In base 2, what is -100101111101001011111 + 101?
-100101111101001011010
In base 10, what is -1066 - -20?
-1046
In base 4, what is -3 - 10122010?
-10122013
In base 9, what is -1550283 + -2?
-1550285
In base 7, what is -21565 - 11?
-21606
In base 11, what is 10 + -8969?
-8959
In base 7, what is -366 + 4451?
4052
In base 7, what is 5 + -42635?
-42630
In base 2, what is -111011110000000010 - 100?
-111011110000000110
In base 3, what is 10 - 122221122020?
-122221122010
In base 4, what is -3232133 + -1?
-3232200
In base 14, what is b20 - 13a?
9c4
In base 13, what is 4b0 - 19?
494
In base 4, what is 13 - 32000?
-31321
In base 11, what is a4 - 774?
-680
In base 2, what is -11100010 + 1000110111?
101010101
In base 15, what is 53 - 2cb?
-278
In base 11, what is 5a5 + -86?
51a
In base 10, what is -13 + 2024?
2011
In base 9, what is -116 - -3383?
3266
In base 13, what is ca94 - -2?
ca96
In base 16, what is 3071 - ae?
2fc3
In base 4, what is 2011132003 + 2?
2011132011
In base 7, what is 2146 + 105?
2254
In base 3, what is -111122102022 + 0?
-111122102022
In base 13, what is 47951 + 4?
47955
In base 10, what is 0 - 19894?
-19894
In base 13, what is aa0 + 19?
ab9
In base 15, what is 2a8db - -1?
2a8dc
In base 10, what is -2745 + 92?
-2653
In base 15, what is 82 - 1ce?
-14c
In base 16, what is -2023 + 6?
-201d
In base 13, what is -22 - -259a?
2578
In base 14, what is 7313 - 3?
7310
In base 10, what is 4 - 45839?
-45835
In base 10, what is 17 - -27547?
27564
In base 5, what is -4014334 + -333?
-4020222
In base 10, what is 1079685 + 5?
1079690
In base 10, what is -1 - -1235243?
1235242
In base 6, what is 100 - -34141?
34241
In base 4, what is 122 - -1233202?
1233330
In base 5, what is -234 - 133104?
-133343
In base 15, what is 0 + -43c2?
-43c2
In base 3, what is 12 + 202002122211?
202002200000
In base 3, what is 11 - 102000121?
-102000110
In base 6, what is 24 + 4?
32
In base 5, what is -1334 + 30311?
23422
In base 6, what is 212 + 3014?
3230
In base 5, what is 10 - 31333413?
-31333403
In base 16, what is 2 - -15419?
1541b
In base 16, what is 119 + -2?
117
In base 5, what is -13 + -313134?
-313202
In base 9, what is 20 - 11517?
-11487
In base 2, what is -10101001001 - -1100?
-10100111101
In base 6, what is 5 + -413530?
-413521
In base 14, what is 1546 + 2?
1548
In base 5, what is 20 + 4404230?
4404300
In base 14, what is -6b856 - 2?
-6b858
In base 14, what is 2824 - -3?
2827
In base 11, what is -738 - 12?
-74a
In base 2, what is 101 - 10000101011001?
-10000101010100
In base 5, what is -2001331 - 11?
-2001342
In base 2, what is -110001000 + 11001001?
-10111111
In base 2, what is 10100 + 11001010001?
11001100101
In base 10, what is -631798 + 5?
-631793
In base 9, what is 7023 - 127?
6785
In base 7, what is 4 - -1621106?
1621113
In base 10, what is -256119 - -1?
-256118
In base 16, what is 6b - -9c?
107
In base 3, what is 201221202200 + 0?
201221202200
In base 4, what is 10330 + -12?
10312
In base 11, what is -90 - -3a?
-51
In base 6, what is -1241101504 + 4?
-1241101500
In base 5, what is -1231042 + -4?
-1231101
In base 10, what is 96010 + 4?
96014
In base 11, what is -30 + -10200?
-10230
In base 16, what is -2 + 1e5e?
1e5c
In base 8, what is 2303737 + -1?
2303736
In base 15, what is -652d + 3?
-652a
In base 3, what is 12 + -112000201?
-112000112
In base 14, what is 7 + 2754?
275b
In base 3, what is -11000102200 - 10?
-11000102210
In base 14, what is 127d03 - 3?
127d00
In base 16, what is 1e8 + -131?
b7
In base 16, what is -16437 - -5?
-16432
In base 16, what is -25 + -110?
-135
In base 3, what is 200 + -102120200?
-102120000
In base 3, what is 120 + -120221?
-120101
In base 4, what is -132301313 + -300?
-132302213
In base 7, what is 4 - 631156?
-631152
In base 6, what is -1323001 + 45?
-1322512
In base 7, what is 41256 + 4?
41263
In base 7, what is 43 + 11216?
11262
In base 13, what is 2 - a16c?
-a16a
In base 12, what is -15853 - -4?
-1584b
In base 10, what is 110 - 705?
-595
In base 13, what is 1892ab5 + -2?
1892ab3
In base 12, what is 3a + 3556?
3594
In base 5, what is -233 + -111444?
-112232
In base 6, what is -250505 + 4?
-250501
In base 8, what is 16 + 427?
445
In base 13, what is -6c29 - 0?
-6c29
In base 8, what is -436346 + 6?
-436340
In base 13, what is -2 - -c044?
c042
In base 14, what is -5 - 67c2?
-67c7
In base 11, what is -11549 + -44?
-11592
In base 7, what is 3 - 2116225?
-2116222
In base 13, what is -8138 - -4?
-8134
In base 15, what is -3 + -25973?
-25976
In base 6, what is 3224232 + 2?
3224234
In base 14, what is -c84 - 1d2?
-1076
In base 9, what is -243 + -178?
-432
In base 8, what is -13767 - 10?
-13777
In base 3, what is -22002 + -2022?
-101101
In base 10, what is -259240 - -14?
-259226
In base 15, what is 101d + 29?
1047
In base 7, what is 402311 - 5?
402303
In base 10, what is -161295 + 1?
-161294
In base 13, what is -1 + -1123?
-1124
In base 12, what is 116 - 76b3?
-7599
In base 9, what is 10 - -1882?
2002
In base 6, what is -350234 + 120?
-350114
In base 12, what is -1 + -878a5?
-878a6
In base 2, what is 10010100101001010111 + -101?
10010100101001010010
In base 15, what is -249599 - 2?
-24959b
In base 2, what is -111101 + 1001011?
1110
In base 8, what is -15721 + -3?
-15724
In base 4, what is -2021111 + 231?
-2020220
In base 16, what is -39f + -ac?
-44b
In base 9, what is -317131 + 5?
-317125
In base 13, what is -277 - -55?
-222
In base 7, what is 154536 - -1?
154540
In base 3, what is -2101 - 110202?
-120010
In base 6, what is -114050 - 2311?
-120401
In base 2, what is 111010101 + 1010000?
1000100101
In base 14, what is -58d1 - -12b?
-57a4
In base 14, what is -b9d4 + -5?
-b9d9
In base 2, what is 100000010010 - 100?
100000001110
In base 3, what is 0 + 101211111101?
101211111101
In base 7, what is -13333 - -5?
-13325
In base 10, what is 1 + 2050?
2051
In base 6, what is 2252 - -2333?
5025
In base 12, what is 9 - -4?
11
In base 3, what is -10 + 12100002?
12022222
In base 12, what is 2 + -4382?
-4380
In base 12, what is -126754 - 1?
-126755
In base 4, what is 3 + -1021130?
-1021121
In base 8, what is 1165 - -521?
1706
In base 10, what is 86584 + -3?
86581
In base 3, what is -222001 - 2121022?
-10120100
In base 13, what is -4 - 3071?
-3075
In base 3, what is -10 + 120212210?
120212200
In base 10, what is 8 + -118714?
-118706
In base 6, what is -3211 - -33?
-3134
In base 14, what is 7 + 1ca0?
1ca7
In base 11, what is 10 - 37728?
-37718
In base 3, what is -100001002210 - 11?
-100001002221
In base 3, what is -102002 + 21222?
-10010
In base 6, what is -12 - -13340?
13324
In base 13, what is 1 + 6318?
6319
In base 10, what is 43 - 215?
-172
In base 4, what is -213221 - -110033?
-103122
In base 6, what is -4 + 254124?
254120
In base 11, what is -77aa89 - 2?
-77aa90
In base 14, what is 37 - 100d5?
-1009c
In base 5, what is 1000211 + -224?
444432
In base 11, what is 196 + -11185?
-10a9a
In base 11, what is 193a - -66?
19a5
In base 16, what is 4d - -29ba?
2a07
In base 11, what is -6584 - 6?
-658a
In base 5, what is -4 - -13241141?
13241132
In base 15, what is -23 + -654?
-677
In base 11, what is -8 - -118982?
118975
In base 14, what is -387 + -b?
-394
In base 2, what is -11 + -100010000110000011?
-100010000110000110
In base 8, what is -3574 - 117?
-3713
In base 3, what is 121 - 1022001200?
-1022001002
In base 10, what is -2789 - 33?
-2822
In base 6, what is -23 + 4253?
4230
In base 4, what is 0 + 23230201?
23230201
In base 5, what is -414420014 - -2?
-414420012
In base 10, what is 7183 + 0?
7183
In base 3, what is 1001101000 + -21?
1001100202
In base 2, what is -111101000011001101111 + 1?
-111101000011001101110
In 